be 6/(-4)*(-736)/12. Let k = -11364 + 11291. Let z = k + w. What is the remainder when 35 is divided by z?
16
Calculate the remainder when (-4)/(-3)*-163*9/(-6) is divided by (-1150)/(-14) + (-46)/322.
80
Let g = 18253 + -17606. Calculate the remainder when 5187 is divided by g.
11
Let l(m) = -m**2 + 45 - 10647*m + 2*m**2 + 10629*m. What is the remainder when l(17) is divided by 7?
0
Let q = -90 + 91. Let r(x) = -175*x**2 + x + 1. Let l be r(q). Let o = -87 - l. Calculate the remainder when o is divided by 25.
11
Suppose 14555 = -32*u + 42139. What is the remainder when u is divided by 108?
106
Suppose -45 - 23 = -4*h. Suppose 0 = -2*m + 3*t + 5, 3*m - 2*t + 2 = -3. Let n = h + m. What is the remainder when 34 is divided by n?
10
Suppose -32 = 53*v - 57*v. Suppose 46 = 3*s + 5*f, 4*s + 7*f - v*f - 23 = 0. What is the remainder when 419 is divided by s?
6
Suppose -i + 33 + 62 = 0. Let p be i*(-2)/(-4) + 9/6. Suppose 5*o - 15 = 0, 2*v + 3*o = -2*v + p. What is the remainder when 89 is divided by v?
9
Let j = 62 - 11. Calculate the remainder when (-1479)/(-15) + (-10)/(-25) is divided by j.
48
Let r(d) = 4*d - 218. What is the remainder when r(59) is divided by 12?
6
Suppose -h + 85 = 37. Suppose 10*p + 4*o = 6*p + 60, -4*o = -5*p + h. Calculate the remainder when 23 is divided by p.
11
Let o be 12/(-9)*126/(-24). Suppose -368 = o*h - 8*h. What is the remainder when h is divided by 41?
40
Let n(f) = -f**3 + 56*f**2 - 299*f - 31. What is the remainder when 6493 is divided by n(50)?
14
Suppose 2*n = -0*n + 3*j + 3, 0 = 3*n - 5*j - 5. Suppose n = k + 2*q + 45, 4*q - 3 = 5. Let g = 92 + k. What is the remainder when 168 is divided by g?
39
Let y(a) = 39 - 9 + 5 + 3*a + 0*a. Let u be y(-13). What is the remainder when 3/u - (-251)/4 is divided by 16?
14
Suppose 586 = 3*l - 263. Let j(o) = -2*o**2 - 27*o + 67. What is the remainder when l is divided by j(-15)?
19
Let p = 264 + -171. Suppose -5*t - k - 2 + p = 0, -53 = -3*t - k. Suppose -i + 81 = -2*o, i - 3*o - 40 = 45. Calculate the remainder when i is divided by t.
16
Let y(q) = q**2 - 2*q + 54. Let b = 9720 + -9235. Calculate the remainder when b is divided by y(0).
53
Let t(f) = 25*f - 19. Let d be t(2). Suppose 0 = 3*p - w - d, -5*p + 10 = -3*w - 43. Calculate the remainder when 11 is divided by p.
1
Let b(i) = 435*i - 1413. Calculate the remainder when b(4) is divided by 157.
13
Suppose -9*h + 5 = 230. Let o(t) = t**2 + 21*t - 5. Let v be o(h). Suppose 5*f - v = -2*k, 13*f - 9*f - 76 = -k. What is the remainder when 149 is divided by f?
16
Let v(g) = -g**3 - 363*g**2 - 2459*g + 261. Suppose o + 2 = -1. What is the remainder when o/(0 + 1/(-79)) is divided by v(-7)?
27
Let k = 195 - 191. Let w = -161 + 250. What is the remainder when w is divided by 9/((-54)/(-66)) + k?
14
Suppose 11060 = -26*d + 1076. Let o = -366 - d. What is the remainder when 230 is divided by o?
14
Let z(m) = 21*m + 464. What is the remainder when z(-20) is divided by 9?
8
Suppose 57*f - 25*f = -98*f + 9880. Calculate the remainder when f is divided by (-89)/(-7) - 6/(-21).
11
Let u = 23561 - 21914. Calculate the remainder when u is divided by 92.
83
Suppose -7*b + 135 = -4*b. Let w(g) = 4*g**2 + 4*g - 186. Let u be w(0). Let t = u - -196. Calculate the remainder when b is divided by t.
5
Calculate the remainder when 215 is divided by (22/(-110))/((-2)/(-125))*(-36)/5.
35
Suppose 8*q + 5*q - 195 = 0. Let m(i) = i + 4. Let d be m(3). Suppose -d*b + 24 = -6*b. Calculate the remainder when b is divided by q.
9
Let o = -247 + 251. Suppose o*g - 4*d - 77 = 51, -4*d - 97 = -3*g. What is the remainder when 89 is divided by g?
27
Let g be ((-16)/(-12)*-3 - -7)*-61. Let r = g - -328. Calculate the remainder when r is divided by 21.
19
What is the remainder when 520 is divided by (-87453)/(-486) + 1 + 136/(-144)?
160
Let j(m) = 17*m + 1421. Suppose 161 = 3*r - 331. Suppose -g + 3*l = 3*g - r, -82 = -2*g + 3*l. What is the remainder when g is divided by j(-82)?
14
Let v = 128189 + -128126. What is the remainder when v is divided by (-64)/(-3) - (-4)/6?
19
Suppose b - 223 = -4*d, 2*b - 455 = d - 0*d. Suppose -7*j - 72*j = -790. Calculate the remainder when b is divided by j.
7
Suppose -4*q + 274 = 5*v, 112 + 28 = 2*q + 4*v. Let z = q - 63. Calculate the remainder when 523/z - ((-6)/9 + 0) is divided by 45.
40
Let p = -13 - -26. Let a(c) = -c**3 + 13*c**2 + 5*c - 5. Let f be a(7). Calculate the remainder when (-2)/(-1 - (f/(-57))/6) is divided by p.
12
Let z(h) = h + 93. Let i(x) = 4*x + 75. Let n be i(-17). Calculate the remainder when z(n) is divided by 51.
49
Let v(j) = -29*j**2 - 522*j + 17. Calculate the remainder when 108 is divided by v(-18).
6
Let y(f) = -122*f + 29. Let j be y(2). Let a = j - -239. Calculate the remainder when a is divided by 10.
4
Let g = 672 + -668. Calculate the remainder when (114 - 6/(-3))*3/g is divided by 2/(-2) - 22/(-2).
7
Let l(c) = 25*c + 96. Let w(s) be the third derivative of s**6/60 - s**5/60 - s**4/12 + 2*s**2. Calculate the remainder when w(4) is divided by l(-3).
20
Let u = 23 - 17. Suppose u*l + 2*l = 128. Calculate the remainder when ((-108)/24)/(1 - 22/l) is divided by 10.
2
Suppose 0 = -i + 3*i, -2*i - 12 = -4*b. Let y be (-75)/(-60) + (-27)/(-4). Suppose -y*x + 341 = b*x. Calculate the remainder when x is divided by 3.
1
Suppose -5*a = -25, -j + 4*a - 287 = a. Let y = j + 318. What is the remainder when 82 is divided by y?
36
Suppose -r = -4*t - 0*t - 6447, 3*t - 6433 = -r. What is the remainder when r is divided by 23?
22
Suppose -2 + 3 = -y. Let v be (1/3)/((-46)/(-1242)). Let u = y + v. Calculate the remainder when 37 is divided by u.
5
Calculate the remainder when 1272 is divided by (-53732)/(-606) - 12/(-9).
12
Let i be 968/(-6)*30/(-20). Let o = i + -107. Let q = 51 - 17. Calculate the remainder when o is divided by q.
33
Let c be 3024/40 - (2 + 24/(-10)). Let b = -66 + c. Suppose 3*h + 12 = 0, t + h - 44 = -3*t. What is the remainder when t is divided by b?
2
Suppose 1042 = 17*x - 1916. Suppose 67*t = 73*t - x. Calculate the remainder when t is divided by 21.
8
Let l(n) = -2*n**2 - 69*n - 384. What is the remainder when 701 is divided by l(-24)?
101
Suppose -60*h + 85747 = 27264 - 55397. Calculate the remainder when h is divided by 63.
8
What is the remainder when 489 is divided by 6/(-8) + 9 + (-3766)/(-8)?
10
What is the remainder when (24/(-10))/((-10019)/(-17570) - (-104)/(-182)) is divided by 72?
64
Let c(b) = -b**3 + 8*b**2 - 8*b + 5. Let v be c(7). Let y be (-1 - 2/v - -12) + -1. What is the remainder when 76 is divided by y/1*(-5)/(-5)?
10
Let p(b) = 6*b**2 + 17*b - 112. Calculate the remainder when p(12) is divided by 137.
134
Let p(d) = 2*d**2 + 13*d + 20. Let i be p(-5). Let r(s) = 19*s - 22. Calculate the remainder when 267 is divided by r(i).
48
Let h(y) = y**3 - 9*y**2 - 34*y + 262. Calculate the remainder when 1380 is divided by h(10).
16
Calculate the remainder when 30 is divided by ((-5)/30)/(7/(-798)).
11
Let x be ((-1495)/(-345))/(2/(-30)). Let k(z) = z**3 + 5*z**2 + 3*z + 5. Let c be k(-5). What is the remainder when 14 is divided by 52/x + (-38)/c?
2
Let g = 1447 + -1378. What is the remainder when 1030 is divided by g?
64
Let v = 390 - 384. Suppose 585 - 3 = v*y. Calculate the remainder when y is divided by 52.
45
Suppose 47*f - 75*f = -52*f + 7512. Suppose -r + 2*x + 67 = 0, 5*r + x - 5*x - 323 = 0. What is the remainder when f is divided by r?
61
Suppose -4*r + 2*h = -601 - 397, -3*r = 3*h - 771. Calculate the remainder when r is divided by 28.
0
Let v(k) = 7*k - 39. Suppose -2*d = -4*u - 60, -7*d + 120 = -2*d + 5*u. What is the remainder when v(d) is divided by 18?
17
Suppose 17*z = 18*z - k - 368, 0 = -z - 5*k + 398. Calculate the remainder when z is divided by 8.
5
Suppose 0 = -7*u + 52 - 17. Let t be 3 + (1 - -3 - u). Suppose 2*q - 418 = -6*c + 4*c, t*c = 3*q + 433. Calculate the remainder when c is divided by 43.
40
Suppose 3383 - 8003 = -21*w. Let k = w + -215. Calculate the remainder when 18 is divided by k.
3
Let b be 8*(-3 - 36/(-8)). Let h be (b/3)/(6/15). Suppose 342 = h*a + 52. What is the remainder when 84 is divided by a?
26
Let b(s) = -3*s + 0*s - 1 + 0 + 2*s. Let l(n) = 7*n + 26. Let k(f) = 6*b(f) + l(f). Calculate the remainder when k(-14)